et q be (-4)/(-10) - (-77)/(-5). Let d = q - -27. What is the highest common divisor of 24 and d?
12
Let q be (0 - -1) + (4 - -1). What is the highest common factor of 24 and q?
6
Let w(b) = -b**3 + b**2 + b + 21. Let q be w(0). What is the greatest common factor of 21 and q?
21
Let i(u) = -51*u - 4. Let j be i(-2). Calculate the greatest common factor of 14 and j.
14
Let n(s) = s + 4. Let p be n(-3). Suppose -16 = -z - 3*z. What is the greatest common factor of p and z?
1
Let q be (-1 - -1)/(-1 + 0). Suppose 0 = -4*v - 2*g + 32, -5*v + q*g + 2*g + 40 = 0. What is the highest common factor of v and 32?
8
Let p(b) = 14*b + 6. Let w be p(6). What is the highest common factor of 60 and w?
30
Suppose -2 = -z + 3. Let t(y) = -16*y + 3. Let q be t(-2). What is the highest common factor of z and q?
5
Let h(k) = k**2 + k + 7. Let t be h(7). What is the greatest common divisor of 21 and t?
21
Suppose 2*v - 19 = -k, -2*v + 74 = -4*k + 30. Suppose 4*d + 331 = -3*q + 2*q, -2*d + 2*q = 178. Let x = d + 192. What is the highest common factor of v and x?
12
Let g be (-2 + 8)*(-2)/3. Let u(y) = -y**3 - 3*y**2 - 6*y - 4. Let a be u(g). Calculate the greatest common divisor of a and 4.
4
Let d be (-3)/(-1) - (1 + -4). Let f = 13 + d. What is the greatest common divisor of f and 19?
19
Let b = -26 - -68. What is the highest common factor of 6 and b?
6
Let f = 53 - 38. Let p(z) = z**2 - 21*z - 12. Let h be p(22). Calculate the greatest common factor of f and h.
5
Let x(z) = 6*z**2 - 1. Let q be (1/(-3))/(1/3). Let g be x(q). Let i(y) = -y**2 - 11*y + 2. Let t be i(-9). What is the highest common divisor of t and g?
5
Let t(w) = 7*w**2 - w**3 + 3*w - 9*w - 3 + 0*w - 1. Let x be t(6). Let u be 6 + x - (1 + -39). Calculate the greatest common factor of 8 and u.
8
Suppose 4*b + 5*x - 48 = 0, 3*x + 11 = b + 4*x. Let u be b + (-1 - -2) + -4. Calculate the greatest common divisor of u and 16.
4
Let x = -74 + 137. Calculate the greatest common divisor of x and 9.
9
Let z = 10 + -17. Let b = 52 + z. What is the highest common divisor of 9 and b?
9
Suppose -2*h - 3*u - 18 = -112, -3*h - 3*u = -138. Calculate the highest common divisor of h and 22.
22
Suppose -1 = f + p + 2*p, 0 = 2*p + 4. Suppose -f*x = -4*t - 100 - 108, -4*x - 4*t + 152 = 0. Calculate the highest common factor of 10 and x.
10
Let l(w) = -6*w - 1. Let p be l(-6). Suppose 2*q + q - 3*u - 27 = 0, 5*u + 33 = 3*q. Suppose -q - 1 = -n. Calculate the highest common factor of n and p.
7
Let i be (-1 + 55)*(-70)/(-15). What is the highest common divisor of 28 and i?
28
Let k = -2 + 14. Let s be ((-47)/2)/((-2)/4). Suppose -53 = -5*d - 5*t + s, 5*d + 4*t = 104. Calculate the greatest common divisor of k and d.
12
Let j = 18 - 13. Let y = -3 - -5. Suppose 6*x - 4*b = y*x + 20, -3*x = j*b + 9. What is the greatest common factor of x and 22?
2
Let o be 1*(2 - (0 - 1)). Suppose o*u - 2*u - 30 = 0. Suppose 2*f - 3 = 2*t - 17, 0 = -2*t - f + 11. Calculate the highest common factor of t and u.
6
Let g = 34 - 2. What is the greatest common factor of g and 32?
32
Suppose 0 = m - 5 + 4. Let j be m - (2 - -1) - -61. Let t = j - 27. What is the highest common divisor of t and 80?
16
Let q(j) = -j + 4. Let x be q(4). Suppose x = 6*s - s + 215. Let l = 79 + s. Calculate the greatest common divisor of 4 and l.
4
Let z be (10/4)/((-1)/(-4)). Calculate the greatest common factor of z and 4.
2
Let m(j) = j - 4. Let i be m(6). Suppose i*n = 4*a + 46, -3*n + 0*a + 59 = -4*a. What is the highest common factor of 117 and n?
13
Let t be 3/6 + (-9)/(-6). Calculate the greatest common divisor of 6 and t.
2
Let b(c) = c - 3. Let z be b(-4). Let r be 1/(-7) + (-22)/z. Calculate the highest common factor of r and 9.
3
Let t(g) = 3*g**2 - 2*g - 5. Let z be t(-2). Calculate the greatest common factor of z and 143.
11
Let y(n) = 4*n**2 + 4*n + 3. Let j be y(-2). Suppose -2*x = -4 + 10. Let z be (-1)/(x/3)*1. Calculate the greatest common divisor of j and z.
1
Suppose 9*k = 8*k + 12. What is the highest common divisor of 84 and k?
12
Let y = -31 - -13. Let f = y - -38. Calculate the highest common factor of f and 30.
10
Let y(h) = 18*h**2 + h - 1. Let i be y(1). Let o be -6*(2/3 - 1). Let r be (-9)/((o/6)/(-1)). Calculate the greatest common factor of r and i.
9
Suppose 3*v = -2*v + 550. Suppose -6*b + v = -b. What is the highest common divisor of b and 198?
22
Let k(l) = -l**2 - 3*l + 7. Let o be k(-4). Suppose 0*a + t = -2*a + 21, -a + 8 = o*t. Calculate the greatest common factor of a and 55.
11
Let l = 67 - 40. Let m(r) = -r**2 - 2*r. Let u be m(-2). Suppose u = -3*v - l + 99. What is the greatest common factor of 36 and v?
12
Let r(s) be the third derivative of s**4/8 + s**3/3 + 3*s**2. Let p be r(6). Suppose 0 = -c + 6*c - p. What is the greatest common divisor of 1 and c?
1
Let b = 32 - 23. Calculate the highest common factor of 63 and b.
9
Suppose 60 = -0*t + 4*t. Let v = t - 9. Suppose 2*p + p = v. Calculate the greatest common divisor of p and 20.
2
Let y(h) = 5*h**2 - 2*h + 7. Let q be y(-3). What is the greatest common factor of q and 87?
29
Suppose -2*x = -5*i + 18, 2*i = 5*i - 3*x - 9. Let j be -2 - 1 - (-595)/17. What is the highest common factor of i and j?
4
Let y(r) = r**3 - 3*r**2 + 4*r. Let c be y(3). Let g be (-3)/c + 761/4. Suppose g = j + j. What is the greatest common divisor of j and 19?
19
Suppose t - 2*t + 2*o + 6 = 0, -4*t = -5*o - 21. Let c = t - 0. Calculate the highest common divisor of c and 4.
4
Suppose w - 19 = z + 4, 4*w - 85 = -3*z. Suppose 2*m - n - 14 = 0, 0 = -4*m + 2*m - n + w. What is the greatest common factor of 18 and m?
9
Let o = -27 - -60. What is the greatest common factor of 3 and o?
3
Let o(l) = l**2 + 11*l + 48. Let r be o(-9). What is the highest common divisor of r and 12?
6
Let f be (-580)/(-25)*(1 - -2 - -7). Calculate the greatest common factor of 29 and f.
29
Let c = 2 + 5. Let k = -7 + c. Let l be k + -2 + 4 + 10. Calculate the greatest common factor of 84 and l.
12
Let c(d) = -18*d - 3. Let h be c(-2). Suppose 2*a = -8, a + 2*a = 3*o - h. Suppose -x - 3*x = -28. Calculate the greatest common factor of o and x.
7
Suppose 0*a + 5*a = 2*w - 46, 2*a + 47 = 3*w. What is the greatest common divisor of w and 13?
13
Let a(w) = -w - 2. Let g be a(-4). Suppose -x - 3*x - t + 10 = 0, g*x = -4*t - 2. Suppose 6*o + 30 = 21*o. What is the greatest common factor of x and o?
1
Let h = -60 + 85. Calculate the highest common factor of 50 and h.
25
Let l be ((-9)/4)/((-6)/64). What is the greatest common factor of l and 12?
12
Let m(c) = c**3 + 2*c**2 - c + 1. Let o be m(-4). Let y be 182/9 - (-6)/o. Let t be -1 - (1 - (1 + 5)). Calculate the greatest common divisor of y and t.
4
Let l = -255 + 567. Let b be (-4)/14 + l/14. What is the greatest common factor of b and 110?
22
Let r = 65 - 37. Calculate the highest common divisor of r and 14.
14
Let q be 10/4*32/5. Calculate the highest common divisor of 8 and q.
8
Suppose 0 = -2*s - 4*x, 3*s - 2*x - 1 = 15. Calculate the greatest common factor of 10 and s.
2
Let v = -16 + 10. Let s = 10 + v. Calculate the highest common factor of 44 and s.
4
Let g be 4 - 0 - (-2 + 2). Suppose z = -g*p + 19, -26 = -5*p + 2*z - z. Calculate the greatest common factor of 1 and p.
1
Suppose -6*o + 2*o = 0. Let t = o + -6. Let w(y) = -2*y**3 - 7*y**2 + 3*y - 2. Let a be w(t). What is the highest common divisor of 20 and a?
20
Let j(i) = -i**3 + 8*i**2 + 2*i. Let y be (3 - 2)/((-2)/(-14)). Let x be j(y). Calculate the highest common divisor of x and 9.
9
Let v be (4 - -76)*(-24)/(-12). Suppose -5*r + 63 + 22 = 3*a, -a = -5*r + 5. What is the greatest common divisor of v and a?
20
Suppose 0 = -5*d + 25, 4*c - 37 = 2*d + d. Let l(x) = 6*x - 3. Let u be l(9). Suppose -4*o + 1 = -u. What is the greatest common divisor of c and o?
13
Let a = 41 - 17. What is the highest common divisor of a and 3?
3
Let f(u) be the third derivative of u**6/120 - u**5/60 - u**4/8 - 2*u**3/3 - 3*u**2. Let v be f(3). Calculate the highest common factor of 15 and v.
5
Suppose 56 = 23*t - 19*t. Suppose -l - 1 = -0*s + 5*s, -4*l + 5*s + 71 = 0. Calculate the highest common factor of t and l.
14
Suppose s + 1 - 3 = 0. Let p(y) = -2 + 4*y**2 - 3*y**2 + 6*y**2. Let k be p(s). What is the highest common divis